{"id":4546,"date":"2023-08-11T15:38:07","date_gmt":"2023-08-11T21:38:07","guid":{"rendered":"https:\/\/mexicoselecto.com\/?post_type=product&#038;p=4546"},"modified":"2023-09-07T12:17:45","modified_gmt":"2023-09-07T18:17:45","slug":"cerveza-martuja-cream-ale","status":"publish","type":"product","link":"https:\/\/mexicoselecto.com\/index.php\/product\/cerveza-martuja-cream-ale\/","title":{"rendered":"CERVEZA MARTUJA CREAM ALE"},"content":{"rendered":"<p>Notas a cereal, pan y galleta. Entrada en<br \/>\nboca, seco, ligero o muy sutil amargor,<br \/>\nderivado del l\u00fapulo. Regusto a cereal, un<br \/>\npoco de miel, ma\u00edz y paja, ligeramente<br \/>\nsedosa en boca. Cuerpo ligero, muy sutil<br \/>\naroma floral. Lo que m\u00e1s predomina es el<br \/>\ncereal, pan blanco tostado y ligero sabor<br \/>\na caramelo.<\/p>\n","protected":false},"excerpt":{"rendered":"<p style=\"text-align: left;\">Nuestra primera cerveza elegida para salir al<br \/>\nmundo y deleitar paladares, acompa\u00f1ando<br \/>\na cada persona en momentos especiales de<br \/>\nsu vida, surge con ciertos matices tonos y<br \/>\ngran sutileza siendo una cerveza muy<br \/>\nvers\u00e1til al momento de maridar o bien<br \/>\nacompa\u00f1ar con alg\u00fan alimento. Al ser una<br \/>\ncerveza con tal sutileza y ligereza.<\/p>\n<p>&nbsp;<\/p>\n<p>&nbsp;<\/p>\n","protected":false},"featured_media":4555,"comment_status":"open","ping_status":"closed","template":"","meta":{"_uag_custom_page_level_css":"","site-sidebar-layout":"default","site-content-layout":"default","ast-global-header-display":"","ast-banner-title-visibility":"","ast-main-header-display":"","ast-hfb-above-header-display":"","ast-hfb-below-header-display":"","ast-hfb-mobile-header-display":"","site-post-title":"","ast-breadcrumbs-content":"","ast-featured-img":"","footer-sml-layout":"","theme-transparent-header-meta":"default","adv-header-id-meta":"","stick-header-meta":"","header-above-stick-meta":"","header-main-stick-meta":"","header-below-stick-meta":""},"product_cat":[15,16],"product_tag":[],"uagb_featured_image_src":{"full":["https:\/\/mexicoselecto.com\/wp-content\/uploads\/2023\/08\/Martuja-8-scaled.jpg",1920,2560,false],"thumbnail":["https:\/\/mexicoselecto.com\/wp-content\/uploads\/2023\/08\/Martuja-8-150x150.jpg",150,150,true],"medium":["https:\/\/mexicoselecto.com\/wp-content\/uploads\/2023\/08\/Martuja-8-225x300.jpg",225,300,true],"medium_large":["https:\/\/mexicoselecto.com\/wp-content\/uploads\/2023\/08\/Martuja-8-768x1024.jpg",768,1024,true],"large":["https:\/\/mexicoselecto.com\/wp-content\/uploads\/2023\/08\/Martuja-8-768x1024.jpg",768,1024,true],"1536x1536":["https:\/\/mexicoselecto.com\/wp-content\/uploads\/2023\/08\/Martuja-8-1152x1536.jpg",1152,1536,true],"2048x2048":["https:\/\/mexicoselecto.com\/wp-content\/uploads\/2023\/08\/Martuja-8-1536x2048.jpg",1536,2048,true],"woocommerce_thumbnail":["https:\/\/mexicoselecto.com\/wp-content\/uploads\/2023\/08\/Martuja-8-300x300.jpg",300,300,true],"woocommerce_single":["https:\/\/mexicoselecto.com\/wp-content\/uploads\/2023\/08\/Martuja-8-600x800.jpg",600,800,true],"woocommerce_gallery_thumbnail":["https:\/\/mexicoselecto.com\/wp-content\/uploads\/2023\/08\/Martuja-8-100x100.jpg",100,100,true]},"uagb_author_info":{"display_name":"mexicoselecto.com","author_link":"https:\/\/mexicoselecto.com\/index.php\/author\/"},"uagb_comment_info":9,"uagb_excerpt":"Nuestra primera cerveza elegida para salir al mundo y deleitar paladares, acompa\u00f1ando a cada persona en momentos especiales de su vida, surge con ciertos matices tonos y gran sutileza siendo una cerveza muy vers\u00e1til al momento de maridar o bien acompa\u00f1ar con alg\u00fan alimento. Al ser una cerveza con tal sutileza y ligereza. &nbsp; &nbsp;","_links":{"self":[{"href":"https:\/\/mexicoselecto.com\/index.php\/wp-json\/wp\/v2\/product\/4546"}],"collection":[{"href":"https:\/\/mexicoselecto.com\/index.php\/wp-json\/wp\/v2\/product"}],"about":[{"href":"https:\/\/mexicoselecto.com\/index.php\/wp-json\/wp\/v2\/types\/product"}],"replies":[{"embeddable":true,"href":"https:\/\/mexicoselecto.com\/index.php\/wp-json\/wp\/v2\/comments?post=4546"}],"wp:featuredmedia":[{"embeddable":true,"href":"https:\/\/mexicoselecto.com\/index.php\/wp-json\/wp\/v2\/media\/4555"}],"wp:attachment":[{"href":"https:\/\/mexicoselecto.com\/index.php\/wp-json\/wp\/v2\/media?parent=4546"}],"wp:term":[{"taxonomy":"product_cat","embeddable":true,"href":"https:\/\/mexicoselecto.com\/index.php\/wp-json\/wp\/v2\/product_cat?post=4546"},{"taxonomy":"product_tag","embeddable":true,"href":"https:\/\/mexicoselecto.com\/index.php\/wp-json\/wp\/v2\/product_tag?post=4546"}],"curies":[{"name":"wp","href":"https:\/\/api.w.org\/{rel}","templated":true}]}}